**3 + 22*c**2 + 20029*c + 59913. Determine v(-3).
-3
Let d(w) = w**2 + 131*w - 2961. What is d(19)?
-111
Let b(d) = -d**2 - 420*d - 43747. Give b(-229).
-8
Let f(j) = -3*j**2 + 61*j + 63. Give f(9).
369
Let g(m) = 4*m**2 + 401*m + 103. Calculate g(-100).
3
Let n(z) = 17736*z + 10978579. Calculate n(-619).
-5
Let h(v) = 1025028*v - 1025025. Give h(1).
3
Let y(i) = -7*i**3 - 590*i**2 - 743*i + 119. Give y(-83).
-213
Let u(q) = 3*q**2 + 242*q + 3050. What is u(-65)?
-5
Let v(r) = -2*r**2 - 7604*r - 397391. Determine v(-53).
3
Let f(u) = u**3 - 246*u**2 - 5481*u + 1560645. What is f(242)?
-13
Let z(j) = j**3 - 8*j**2 - 145*j + 975. Determine z(8).
-185
Let t(r) = 10*r**3 + 16*r**2 + 46*r + 30. Calculate t(-4).
-538
Let t(v) = -v**3 + 93*v**2 + 115*v - 2627. Calculate t(94).
-653
Let n(d) = -68*d**2 + 2599*d - 66. What is n(38)?
504
Let r(x) = x**3 + 119*x**2 + 188*x - 31273. Determine r(-115).
7
Let i(r) = -r**2 - 845*r - 116236. Determine i(-173).
20
Let t(o) = -o**3 + 144*o**2 - 729*o + 104984. What is t(144)?
8
Let o(q) = -10796*q - 161947. What is o(-15)?
-7
Let n(m) = m**3 - 57*m**2 + 59*m + 8146. Determine n(53).
37
Let o(u) = -32554*u + 878883. Give o(27).
-75
Let t(n) = -4*n**2 - 53*n + 2585. Give t(29).
-2316
Let n(u) = -u**3 - 81*u**2 + 17260*u + 416. Determine n(97).
-166
Let q(z) = z**2 - 789*z - 5510. What is q(-7)?
62
Let p(w) = -1411*w - 307624. Give p(-218).
-26
Let s(h) = 3*h**2 - 207*h - 34. Determine s(72).
614
Let j(f) = f**2 + 3507*f + 45500. What is j(-13)?
78
Let a(w) = -224*w + 51077. Give a(230).
-443
Let k(b) = -3833*b + 57486. What is k(15)?
-9
Let b(q) = 312*q - 1723. Determine b(10).
1397
Let r(l) = -l**3 + 588*l + 3383. What is r(-21)?
296
Let z(y) = y**2 + 238*y - 15033. What is z(52)?
47
Let k(s) = 618*s - 4198. Calculate k(7).
128
Let z(j) = -200869*j + 1004308. Give z(5).
-37
Let w(j) = -2*j**3 + 135*j**2 - 169*j - 2119. Calculate w(66).
-205
Let g(w) = 4*w**2 - 389*w + 5591. Give g(80).
71
Let o(i) = -2*i**3 - 2*i**2 + 20*i - 270. What is o(0)?
-270
Let c(a) = -3896*a - 26949. Determine c(-7).
323
Let x(r) = -314752*r + 7868809. Give x(25).
9
Let w(g) = g**3 + 316*g**2 + 878*g - 18873. Determine w(-313).
220
Let a(d) = 42306*d + 380765. Calculate a(-9).
11
Let y(s) = 2056*s + 36993. Calculate y(-18).
-15
Let j(q) = 89*q - 2270. Give j(28).
222
Let a(w) = 66*w**2 + 181*w + 77. Determine a(3).
1214
Let y(t) = -89*t + 3309. What is y(62)?
-2209
Let m(t) = -t**3 + 14*t**2 + 156*t - 1005. Determine m(11).
1074
Let o(k) = -k**2 + 2246*k + 9048. Calculate o(-4).
48
Let r(l) = -l**3 - 4*l**2 + 32103*l + 64208. Determine r(-2).
-6
Let x(f) = -5032*f + 140850. What is x(28)?
-46
Let z(b) = -56*b**2 + 607*b + 8683. Calculate z(19).
0
Let f(t) = -2802*t - 16581. Give f(-6).
231
Let h(r) = -2*r**3 + 131*r**2 - 235*r + 11037. Calculate h(65).
-13
Let n(g) = g**2 + 1730*g + 47646. Calculate n(-28).
-10
Let p(r) = 173883*r - 1043286. Calculate p(6).
12
Let l(n) = n**3 - 38*n**2 - 361*n + 15570. Give l(36).
-18
Let w(i) = 7*i**2 + 9685*i - 48363. Calculate w(5).
237
Let u(s) = 718*s + 3651. Determine u(-5).
61
Let k(u) = 92*u**2 - 2119*u + 39. What is k(23)?
-30
Let h(i) = 4*i**2 + 9676*i - 333599. What is h(34)?
9
Let p(f) = -2*f**3 + 72*f**2 - 496*f + 24641. Give p(38).
17
Let l(n) = n**3 - 20*n**2 + 191*n - 2004. Give l(18).
786
Let m(i) = -223*i + 2142. Determine m(0).
2142
Let c(x) = -13899*x - 2668603. Determine c(-192).
5
Let b(o) = 2*o**2 + 450*o + 9616. Calculate b(-25).
-384
Let i(u) = -6*u**3 + 3193*u**2 - 16339*u + 1040. Calculate i(527).
-14
Let l(a) = -11*a**2 - 140*a + 911. Calculate l(-19).
-400
Let v(f) = 3*f**2 - 335*f + 3283. Calculate v(94).
-1699
Let k(a) = -8381*a - 116605. Determine k(-14).
729
Let o(t) = -27*t - 420. Give o(-23).
201
Let a(p) = -32*p**2 + 13350*p - 2713. Determine a(417).
-211
Let t(b) = -46*b - 9743. Give t(-214).
101
Let j(q) = -35*q - 1007. What is j(-37)?
288
Let l(j) = 489*j + 11175. Give l(-24).
-561
Let z(y) = -8052*y + 40285. Determine z(5).
25
Let k(q) = q**3 - 12*q**2 + 500*q - 15. Determine k(0).
-15
Let g(y) = -2471*y**2 - 34593*y + 13. Determine g(-14).
-1
Let c(f) = -16957*f + 1627898. What is c(96)?
26
Let z(c) = -2*c**2 + 24*c + 513. What is z(-11)?
7
Let j(b) = 20953*b + 167635. Give j(-8).
11
Let m(y) = 60298*y + 2411917. Calculate m(-40).
-3
Let v(s) = -s**3 + 24*s**2 - 475. Give v(23).
54
Let f(s) = 15967*s - 1293357. Give f(81).
-30
Let v(m) = m**2 + 444*m + 8438. Give v(-20).
-42
Let s(m) = 814*m + 54477. Calculate s(-67).
-61
Let x(j) = j**3 - 108*j**2 - 27*j + 35916. Calculate x(105).
6
Let u(z) = -z**2 - 359*z - 31580. What is u(-206)?
-62
Let z(b) = -37*b**2 + 24*b + 25. What is z(-2)?
-171
Let g(n) = 12*n**3 - 1738*n**2 - 302*n + 1740. Determine g(145).
0
Let t(c) = 5*c**2 - 110*c - 195. Calculate t(46).
5325
Let p(u) = -8*u**3 + 7*u**2 - 76*u + 338. What is p(4)?
-366
Let g(r) = -r**3 + 9*r**2 + 254*r + 6370. Give g(27).
106
Let v(b) = b**2 - 300*b + 6742. Give v(29).
-1117
Let h(z) = z**3 + 13*z**2 + 8*z - 99. Give h(-9).
153
Let i(r) = 815*r - 4057. Determine i(5).
18
Let s(w) = 657259*w - 159056672. Calculate s(242).
6
Let y(z) = -11*z**2 - 5519*z - 20479. Calculate y(-498).
-61
Let m(v) = 10*v**2 - 4943*v - 117226. Determine m(517).
133
Let i(c) = 1299*c + 541651. What is i(-417)?
-32
Let n(k) = 7619*k + 121834. Give n(-16).
-70
Let u(b) = b**2 + 406*b + 5841. Give u(-15).
-24
Let r(z) = z**3 + 326*z**2 - 652*z + 1325. Give r(-328).
13
Let c(j) = -j**3 - 163*j**2 + 1353*j - 1945. Calculate c(-171).
620
Let c(k) = -k**2 - 7796*k - 263823. What is c(-34)?
85
Let v(k) = 772*k + 34735. Calculate v(-45).
-5
Let l(h) = 413*h**2 - 51210*h - 265. Give l(124).
-17
Let v(s) = 5*s**2 + 42*s - 15129. Determine v(51).
18
Let g(z) = 326*z + 40296. Give g(-124).
-128
Let i(l) = -84947*l + 169881. Give i(2).
-13
Let z(q) = 9*q**3 + 57*q**2 + 17*q - 23. Give z(-6).
-17
Let h(r) = -r**2 + 6046*r - 84895. What is h(14)?
-447
Let v(s) = 167*s**3 - s**2 - 3*s - 3. Give v(-1).
-168
Let j(x) = x**2 + 71*x + 1088. Calculate j(-49).
10
Let a(u) = 2*u**2 - 952*u + 7477. Give a(8).
-11
Let m(d) = 70*d**2 - 840*d + 1671. What is m(2)?
271
Let a(i) = 7558*i + 884301. Determine a(-117).
15
Let u(a) = -32*a**3 + 220*a**2 + 85*a - 576. Give u(7).
-177
Let j(v) = -v**3 - 26*v**2 + 10*v + 27. Determine j(-1).
-8
Let f(c) = 3226*c - 83855. Give f(26).
21
Let s(x) = 93*x + 2065. What is s(-32)?
-911
Let q(l) = -1629*l**2 - 44194*l - 5700. Calculate q(-27).
-3
Let m(y) = -y**2 + 1236*y + 9907. What is m(-8)?
-45
Let r(y) = -487*y + 28844. Give r(59).
111
Let c(f) = -f**2 - 16*f + 1707. Calculate c(-43).
546
Let p(b) = 7*b**3 + 627*b**2 + 472*b + 10485. Calculate p(-89).
161
Let l(u) = -161325*u - 4678443. Determine l(-29).
-18
Let u(m) = 11*m**2 + 32049*m - 353894. Calculate u(11).
-24
Let y(j) = -6525*j + 782946. What is y(120)?
-54
Let n(t) = -2*t**3 + 264*t**2 - 16*t - 106. Calculate n(132).
-2218
Let o(h) = -h**3 + 36*h**2 + 1827*h - 2. What is o(0)?
-2
Let f(h) = 8*h**2 + 916*h + 911. Calculate f(-1).
3
Let z(o) = 34*o**2 + 3936*o - 13084. Give z(-119).
6
Let c(f) = 8904*f + 18621. Give c(-2).
813
Let v(s) = -2*s**3 + 18*s**2 + 46*s - 293. What is v(10)?
-33
Let r(j) = j**3 - 33*j**2 - 4988*j - 23994. Calculate r(-5).
-4
Let j(w) = -w**3 + 588*w**2 - 683*w + 749254. What is j(589)?
46
Let n(l) = l**3 + 42*l**2 + 398*l + 10954. Determine n(-39).
-5
Let t(k) = -10305*k + 134086. Give t(13).
121
Let p(f) = 736054*f - 2208161. Determine p(3).
1
Let u(a) = a**3 - 12*a**2 - 480*a + 127. What is u(29)?
504
Let f(s) = -32*s**2 - 149*s + 14. What is f(-8)?
-842
Let l(v) = -20855*v + 6298210. Determine l(302).
0
Let w(h) = -6*h**2 + 507*h + 557. Determine w(86).
-217
Let n(q) = -2*q**3 + 43*q**2 - 7*q - 1664. Calculate n(8).
8
Let y(r) = 6*r**3 + 102*r**2 - 13*r + 271. Give y(-17).
492
Let n(w) = 989*w + 90038. Calculate n(-91).
39
Let k(h) = h**3 + 100*h**2 + 2467*h + 1815. Determine k(-58).
17
Let j(w) = -180*w**2 - 4064*w - 2303. What is j(-22)?
-15
Let v(t) = 6*t**2 + 227*t + 255. Determine v(-37).
70
Let x(f) = -9204*f + 294522. Give x(32).
-6
Let t(z) = 5*z**3 + 80*z**2 - 648*z + 263. Calculate t(-22).
-1
Let c(x) = 2755*x + 65. Determine c(0).
65
Let z(g) = g**3 + 16*g**2 - 72*g - 788. W